{"id":137,"date":"2016-01-23T19:43:27","date_gmt":"2016-01-23T10:43:27","guid":{"rendered":"http:\/\/www.kyowa-machinery.co.jp\/wp\/?page_id=137"},"modified":"2017-01-17T13:53:41","modified_gmt":"2017-01-17T04:53:41","slug":"greetings","status":"publish","type":"page","link":"http:\/\/www.kyowa-machinery.co.jp\/turkey\/greetings\/","title":{"rendered":"\u015eirket Temsilcisinin Mesaj\u0131"},"content":{"rendered":"<div id=\"pl-137\"  class=\"panel-layout\" ><div id=\"pg-137-0\"  class=\"panel-grid panel-no-style\" ><div id=\"pgc-137-0-0\"  class=\"panel-grid-cell\" ><h1 class='sectionTitle'>Biz yumurta tasnif ve<br>yumurta k\u0131rma teknolojilerinde profesyoneliz<\/h1><\/div><\/div><div id=\"pg-137-1\"  class=\"panel-grid panel-has-style\" ><div class=\"infoTable panel-row-style panel-row-style-for-137-1\" ><div id=\"pgc-137-1-0\"  class=\"panel-grid-cell\" ><div id=\"panel-137-1-0-0\" class=\"so-panel widget widget_siteorigin-panels-builder panel-first-child panel-last-child\" data-index=\"1\" ><div id=\"pl-w587da358a6e3c\"  class=\"panel-layout\" ><div id=\"pg-w587da358a6e3c-0\"  class=\"panel-grid panel-no-style\" ><div id=\"pgc-w587da358a6e3c-0-0\"  class=\"panel-grid-cell\" ><div id=\"panel-w587da358a6e3c-0-0-0\" class=\"so-panel widget widget_text panel-first-child panel-last-child\" data-index=\"0\" >\t\t\t<div class=\"textwidget\"><p>1959 y\u0131l\u0131nda orjinal yumurta y\u0131kama makinas\u0131yla \u00fcretime ba\u015flad\u0131k ve takip eden y\u0131lda Kyowa Makina kuruldu.\u015eirket kurulu\u015fumuzun ba\u015f\u0131ndan beri \u201cteknolojilerimizi geli\u015ftirerek ve m\u00fc\u015fterilerimize de\u011fer vererek topluma iyi bir katk\u0131 yapmak\u201d prensibiyle yumurta sekt\u00f6r\u00fc i\u00e7in yarat\u0131c\u0131 teknolojiler sunmaya \u00e7al\u0131\u015f\u0131yoruz.M\u00fc\u015fterilerimizin fikir ve d\u00fc\u015f\u00fcncelerini almak ve bunlar\u0131 kendi tutkumuzla birle\u015ftirmek \u015firket ge\u00e7mi\u015fimizi olu\u015fturuyor.Bu g\u00fcne kadar ki ad\u0131mlar\u0131m\u0131za gurula sayg\u0131 duyuyor ve y\u0131llar boyunca bizi destekleyen m\u00fc\u015fterilerimize ve ortaklar\u0131m\u0131za,minnettar odu\u011fumuzu belirtmek istiyorum.<\/p>\n<p>Kyowa Machinery yumurta sekt\u00f6r\u00fcnde orjinal teknolojiler geli\u015ftirme ve \u00f6zg\u00fcn \u00fcr\u00fcnler \u00fcretme konusunda 50 y\u0131ll\u0131k bir ge\u00e7mi\u015fe sahiptir.Yumurta sekt\u00f6r\u00fcndeki i\u015finizde siz m\u00fc\u015fterilerimize destek olabilmek i\u00e7in ihtiya\u00e7lar\u0131n\u0131z ile yak\u0131ndan ilgilenmeye \u00f6zen g\u00f6stererek elimizden gelenin en iyisini yapmaya s\u00f6z veriyoruz.<\/p>\n<\/div>\n\t\t<\/div><\/div><\/div><div id=\"pg-w587da358a6e3c-1\"  class=\"panel-grid panel-has-style\" ><div class=\"right panel-row-style panel-row-style-for-w587da358a6e3c-1\" ><div id=\"pgc-w587da358a6e3c-1-0\"  class=\"panel-grid-cell\" ><div id=\"panel-w587da358a6e3c-1-0-0\" class=\"so-panel widget widget_sow-image panel-first-child panel-last-child\" data-index=\"1\" ><div class=\"right panel-widget-style panel-widget-style-for-w587da358a6e3c-1-0-0\" ><div\n\t\t\t\n\t\t\tclass=\"so-widget-sow-image so-widget-sow-image-default-8b5b6f678277\"\n\t\t\t\n\t\t>\n\n<div class=\"sow-image-container\">\n\t\t<img decoding=\"async\" src=\"http:\/\/www.kyowa-machinery.co.jp\/turkey\/wp-content\/uploads\/2016\/01\/daihyousha_sign-1.jpg\" width=\"176\" height=\"64\" sizes=\"(max-width: 176px) 100vw, 176px\" title=\"daihyousha_sign\" alt=\"\" loading=\"lazy\" \t\tclass=\"so-widget-image\"\/>\n\t<\/div>\n\n<\/div><\/div><\/div><\/div><\/div><\/div><\/div><\/div><\/div><div id=\"pgc-137-1-1\"  class=\"panel-grid-cell\" ><div id=\"panel-137-1-1-0\" class=\"so-panel widget widget_sow-image panel-first-child panel-last-child\" data-index=\"2\" ><div class=\"nomargin panel-widget-style panel-widget-style-for-137-1-1-0\" ><div\n\t\t\t\n\t\t\tclass=\"so-widget-sow-image so-widget-sow-image-default-8b5b6f678277-137\"\n\t\t\t\n\t\t>\n\n<div class=\"sow-image-container\">\n\t\t<img decoding=\"async\" src=\"http:\/\/www.kyowa-machinery.co.jp\/turkey\/wp-content\/uploads\/2016\/01\/img1.jpg\" width=\"220\" height=\"298\" sizes=\"(max-width: 220px) 100vw, 220px\" alt=\"\" loading=\"lazy\" \t\tclass=\"so-widget-image\"\/>\n\t<\/div>\n\n<\/div><\/div><\/div><\/div><\/div><\/div><\/div>","protected":false},"excerpt":{"rendered":"<p>Biz yumurta tasnif veyumurta k\u0131rma teknolojilerinde profesyoneliz 1959 y\u0131l\u0131nda orjinal yumurta y\u0131kama makinas\u0131 [&hellip;]<\/p>\n","protected":false},"author":1,"featured_media":0,"parent":0,"menu_order":0,"comment_status":"closed","ping_status":"closed","template":"","meta":{"footnotes":""},"aioseo_notices":[],"_links":{"self":[{"href":"http:\/\/www.kyowa-machinery.co.jp\/turkey\/wp-json\/wp\/v2\/pages\/137"}],"collection":[{"href":"http:\/\/www.kyowa-machinery.co.jp\/turkey\/wp-json\/wp\/v2\/pages"}],"about":[{"href":"http:\/\/www.kyowa-machinery.co.jp\/turkey\/wp-json\/wp\/v2\/types\/page"}],"author":[{"embeddable":true,"href":"http:\/\/www.kyowa-machinery.co.jp\/turkey\/wp-json\/wp\/v2\/users\/1"}],"replies":[{"embeddable":true,"href":"http:\/\/www.kyowa-machinery.co.jp\/turkey\/wp-json\/wp\/v2\/comments?post=137"}],"version-history":[{"count":10,"href":"http:\/\/www.kyowa-machinery.co.jp\/turkey\/wp-json\/wp\/v2\/pages\/137\/revisions"}],"predecessor-version":[{"id":805,"href":"http:\/\/www.kyowa-machinery.co.jp\/turkey\/wp-json\/wp\/v2\/pages\/137\/revisions\/805"}],"wp:attachment":[{"href":"http:\/\/www.kyowa-machinery.co.jp\/turkey\/wp-json\/wp\/v2\/media?parent=137"}],"curies":[{"name":"wp","href":"https:\/\/api.w.org\/{rel}","templated":true}]}}